ivisor of 12 and v.
4
Let g = -46 + 33. Let q(h) = h**2 + 10*h - 19. Let t be q(g). Calculate the greatest common factor of t and 8.
4
Let x = -3 - 0. Let l = -38 + 35. Let m be ((-2)/(-1) + x)*l. What is the greatest common divisor of m and 18?
3
Let o = -65 + -5. Let q = o + 126. What is the highest common divisor of 7 and q?
7
Let q = -159 + 250. Calculate the greatest common divisor of 13 and q.
13
Let j be (-20)/((-28)/6 + 4). What is the greatest common factor of j and 20?
10
Let u(f) = -f. Let j(k) = -2*k + 5. Let b(x) = -j(x) + 3*u(x). Let s be b(-8). Calculate the highest common divisor of s and 1.
1
Let v(k) = 5*k + 37. Let j be v(-6). What is the greatest common factor of j and 14?
7
Let c be 39/26*(-2 - (-148)/6). What is the greatest common divisor of 2 and c?
2
Suppose -x - l = l, 4*l = -3*x + 2. What is the highest common divisor of 2 and x?
2
Suppose 6*x - 3*x + 21 = 0. Let j(b) = b**3 + 6*b**2 + 5*b - 3. Let t be j(x). Let m be t/(-6) - 2/4. Calculate the greatest common factor of 14 and m.
14
Suppose -4*z = v, 0 = -4*v - 0*v - 3*z. Suppose 2*u = -v + 2. Let l = u - -8. Calculate the highest common divisor of 81 and l.
9
Let j = 8 - 5. Suppose 54 = 2*l + 6. Calculate the greatest common factor of j and l.
3
Let p(b) = -4*b + 61. Let h(w) = 3*w - 41. Let t(f) = 7*h(f) + 5*p(f). Let x be t(0). Calculate the greatest common factor of 90 and x.
18
Let l(n) = -n**3 - 2*n**2 + 6*n - 3. Let g be l(-5). Calculate the greatest common divisor of 21 and g.
21
Let f be (-39)/2*(-10)/3. Suppose -2*p = -7*p + f. Suppose s = 5*m + p, 5*s - 58 = 5*m - 13. What is the highest common divisor of s and 56?
8
Let j be (((-70)/(-3))/2)/(10/30). Calculate the highest common factor of j and 5.
5
Suppose -2*i = -3*m + 14, 0*i - 18 = -3*m + 3*i. Let k = 1 + m. Calculate the highest common factor of k and 12.
3
Suppose -512 = 15*o - 19*o. What is the highest common divisor of o and 16?
16
Let p be (-3 + 6 + 11)*6. What is the highest common divisor of 21 and p?
21
Let f be (-26)/(-8) + 4/(-16). Suppose -2*g - 3*p = -7*g + 1, -f*p = g - 11. Suppose -g*j = -0*j - 24. What is the highest common factor of 48 and j?
12
Let n = -6 - -10. Suppose n*h = 6*h - 144. Calculate the highest common factor of h and 9.
9
Suppose -18 = -4*s - 0*u - 2*u, -4*s + 5*u - 3 = 0. Let o(r) = r**3 - 7*r**2 + 4*r + 13. Let j be o(6). Calculate the greatest common divisor of j and s.
1
Let d = 1 + 6. Suppose 0 = -2*v + d*v - 25. What is the greatest common factor of 15 and v?
5
Let d be (-4)/(-18) + 3774/27. Calculate the greatest common divisor of 20 and d.
20
Let q be ((-4)/(-8))/((-1)/(-8)). Suppose r + 498 = 5*u, -3*u + q*r + 0*r = -309. What is the greatest common factor of 11 and u?
11
Let z(d) = -46*d - 3. Let h be z(-3). Suppose -112 = -4*b + 4*l, -4*b + 4*l = l - 111. Suppose 2*p - b - 3 = 0. Calculate the greatest common factor of p and h.
15
Suppose -10 = -2*v - 0*v. Let r(k) = k**2 - 5*k + 7. Let y be r(v). Let l(m) = 2*m**2 - 4. Let t be l(-4). Calculate the greatest common divisor of y and t.
7
Let j = 56 + 22. Let c = j + 54. Let i(d) = d**2 - 3*d + 2. Let v be i(5). Calculate the greatest common divisor of v and c.
12
Suppose 2*g + 2*g = 0. Let b(d) = d + 18. Let i be b(g). What is the greatest common divisor of 18 and i?
18
Let l be 2/3 + 152*(-2)/(-3). What is the highest common divisor of l and 6?
6
Let z(i) = i + 5. Let c be z(-5). Suppose 4 = -0*k + 3*k - a, c = 2*a + 8. Let o be (k + 1)*(-5 + 14). What is the highest common divisor of o and 99?
9
Let x(b) = b**2 + 16*b + 4. Let z(l) = 2*l**2 + 33*l + 7. Let o(m) = -5*x(m) + 2*z(m). Let y be o(-13). What is the greatest common factor of 56 and y?
7
Let t(m) = -6*m. Let i(v) = 7*v + 1. Let z(o) = 5*i(o) + 6*t(o). Let g be z(4). Let f be 51 - g/((-2)/(-2)). What is the highest common divisor of f and 20?
10
Let o be -5*36/(-20)*4. Calculate the highest common divisor of 18 and o.
18
Suppose 2*v - 4*t - t = 45, 0 = -4*v - 4*t + 20. Calculate the highest common divisor of 2 and v.
2
Let b(r) = -r**2 + 4*r - 1. Let n be b(4). Let z = 3 + n. Let p be 2/4 + 1/z. Calculate the greatest common divisor of p and 1.
1
Suppose -2*d - 2*d + 4 = 0. Let p = 16 + -8. Calculate the greatest common factor of p and d.
1
Suppose j + j - 3*y = 42, 2*j + 2*y = 52. Calculate the highest common factor of j and 240.
24
Suppose 6*l + 34 = a + 3*l, -l + 202 = 5*a. Suppose 0 = 5*p - 10 - a. Suppose 4*t = 2*t + 30. What is the greatest common factor of t and p?
5
Let q(u) = -6*u - 2. Let w(y) = 5*y + 3. Let k(g) = -4*q(g) - 5*w(g). Let r be k(-8). What is the greatest common factor of r and 4?
1
Let p = -7 + 4. Let h = 46 + -42. Let v be (-95)/p + h/12. Calculate the highest common divisor of v and 8.
8
Let a(r) = r**3 - 4*r**2 - 3*r + 1. Let h be a(5). What is the greatest common factor of 11 and h?
11
Suppose -4*p + 106 = -278. Let j(b) = 2 - b + 0*b**2 + 2*b**2 + b**2 + 0. Let z be j(2). What is the greatest common factor of z and p?
12
Let h(i) = -4*i + 1. Let b(k) = -k. Let r(x) = -6*b(x) - 2*h(x). Let j be r(4). What is the highest common divisor of 18 and j?
18
Suppose 4*h - h - 21 = 0. Calculate the greatest common divisor of h and 7.
7
Let l be ((-12)/(-10))/((-3)/(-10)). Let k = l - -1. Suppose -k = w - 15. What is the greatest common divisor of w and 2?
2
Suppose 4*j = 7*j - 96. Calculate the greatest common divisor of j and 4.
4
Let a be (-4)/(-16) - (-35)/4. What is the greatest common factor of 63 and a?
9
Let z = 7 + -19. Let v(n) = -n**3 - 8*n**2 - 9*n + 8. Let l be v(-7). Let r = z + l. What is the greatest common factor of 90 and r?
10
Let a = 10 + -16. Let u be (190/15)/((-4)/a). Calculate the greatest common divisor of 133 and u.
19
Let k be (-12 + -1)/(0 + -1). Suppose -5*u - k = -288. Suppose 7 = y + 2. Calculate the greatest common divisor of u and y.
5
Let z(s) = -3*s - 1. Let u be z(-7). What is the highest common divisor of u and 5?
5
Let z be ((-4 - 1) + 4)*(-25 - -1). What is the greatest common factor of z and 6?
6
Let k(l) = -l + 2. Let p be k(-4). Let a be 1 + -1 + 1 + -1. Let d = a + p. What is the greatest common factor of 12 and d?
6
Let b(t) be the third derivative of -t**6/120 - t**5/20 + t**4/4 - t**3/3 - 4*t**2. Let g be b(-5). What is the greatest common divisor of 3 and g?
3
Let a(n) = -25*n - 3. Let l be (-24)/40 - (-24)/(-10). Let s be a(l). Calculate the greatest common factor of 18 and s.
18
Let f = 6 + 6. Calculate the highest common factor of 48 and f.
12
Suppose 5*y = 121 - 36. Suppose -2*w + 19 = -y. What is the greatest common divisor of w and 144?
18
Let m(t) = t**2 - 11*t + 21. Let s be m(10). Calculate the greatest common divisor of 99 and s.
11
Let u(p) = -3*p**2 + p**3 + 11*p - 1 + 0*p**3 - 8*p. Let w be u(2). Let v = -1 - -2. What is the greatest common divisor of v and w?
1
Let l be -2*(-2)/(8/42). Suppose 4*b - l - 15 = 0. What is the greatest common factor of 99 and b?
9
Let s(l) = -l**3 - l + 20 + 1 + 56 - l**2. Let t be s(0). Calculate the highest common divisor of 11 and t.
11
Suppose -50 + 170 = 5*w. Let b(r) = -r**3 + 12*r**2 - 11*r - 6. Let u be b(11). Let x be -6*(4/u - 0). Calculate the greatest common factor of x and w.
4
Suppose -3*p + 9 = 0, 5*l - l + 4*p = 72. What is the greatest common factor of 5 and l?
5
Suppose -4*n - 6 + 62 = 0. Suppose 44 = z + n. Let b = 16 + -10. What is the greatest common factor of z and b?
6
Let t(q) = -q**3 - 6*q**2 + 8*q. Let z be t(-7). Let m(x) = 3*x**2 + 2*x + 2. Let w be m(z). Calculate the highest common divisor of w and 15.
15
Suppose 2*v + 5*g - 24 = g, -5*g = 0. Suppose -4*j + 0 + v = 0. Let c be (7 + -3)*j*1. What is the highest common divisor of 12 and c?
12
Suppose 0 = -3*g - 4*t + 339, -2*g + 4*g - 203 = 5*t. Let i = 12 + g. Suppose -3*u + 32 = -1. What is the highest common divisor of i and u?
11
Let j = 0 + 4. Suppose -j*p + 6 = 2*x, -5*p + 3 = 4*x - 0*x. What is the greatest common factor of p and 12?
3
Suppose u - 6*u - 3*d + 105 = 0, -3*u + 4*d = -34. Let r = -12 + u. Let p(b) = b**2 - 6*b + 2. Let n be p(10). What is the highest common factor of n and r?
6
Let x(a) = -a**2 + 5*a + 3. Let i be x(5). Suppose 4*n + 20 = 0, -6*q + 3*q + 5*n = -43. Calculate the highest common divisor of i and q.
3
Let p = 3 - 5. Let v be 